 + 25. Let z(o) = o**2 + 7*o + 6. Give z(x).
-4
Let b(c) = -c. Suppose -m + 1 = -1. Suppose 2*w = -2*f + 18, m*f + 3*w = -2*w + 24. Let r(a) = -a + 10. Let o be r(f). Calculate b(o).
-3
Let s = 89/36 + -20/9. Let m(q) be the second derivative of 0 - s*q**4 + 0*q**2 + 0*q**3 - 2*q. Determine m(1).
-3
Let g(f) = -2*f**2 - 2. Suppose 4*q - 2 = v + 11, -8 = -4*v + q. Determine g(v).
-20
Let j(t) = 2*t + 4. Let s be j(-4). Let f(m) = m**3 + 2*m**2 - 2*m - 3. Let i be f(-2). Let a = i - s. Let b(v) = v**3 - 6*v**2 + 4*v + 2. Calculate b(a).
-3
Let w be (-23)/(-8) + 5/(-80)*-2. Let n(x) = -x**2 - 6*x - 2. Let y be n(-5). Suppose -y*z = -w - 0. Let u(i) = 12*i**2. Give u(z).
12
Suppose 4*f + 8 = 4*t, f = -0*t + 2*t - 5. Let h(d) = d**2 - 2*d + 3*d - 3*d**2 - 1 + d**3 + d. Calculate h(f).
0
Suppose 11 + 4 = 3*l. Let b(j) = -l*j + j - 1 + 2*j. Suppose -7 = -3*u + 8. Calculate b(u).
-11
Let b(l) be the third derivative of -l**5/60 - l**4/8 + 5*l**3/6 + 2*l**2. Let s be (-5)/3*(-2 - -5). Calculate b(s).
-5
Let l(g) be the second derivative of -g**4/12 - g**3/6 + 2*g**2 - 55*g. Calculate l(3).
-8
Let s(d) = d**2 + d + 1. Let a(v) = 2*v**2 + 7*v + 6. Let y = 28 - 27. Let f(w) = y*a(w) - 5*s(w). What is f(-2)?
-15
Let s(o) = o**2 + 5*o - 5. Let b be 24/20*10/(-4). Let q be ((-3 - -11) + b)/(-1). Calculate s(q).
-5
Suppose 0 + 2 = -2*n. Let d(i) = -7*i**3 + 3*i + 2. Let k(s) = s**3 + s**2 - s - 1. Let r(m) = d(m) + 2*k(m). What is r(n)?
6
Let u(d) = d**3 - 3*d**2 - 3. Let z(w) = w**2 - w + 1. Let v be z(2). Determine u(v).
-3
Let g(j) = -j**3 + 3*j**2 - j. Suppose 0 = -5*u + 4*l + 25, -4*l = 3*u - 19 + 4. Suppose 0 = -x + 2*x - 3, u*x = -4*f + 19. Determine g(f).
1
Suppose 3*g + 3*k - 24 = 0, 3*g + g = 4*k. Let f(i) be the second derivative of 0 + 1/2*i**3 - 1/12*i**4 - 2*i + 0*i**2. Calculate f(g).
-4
Suppose 4*t - 5 = 11. Suppose -4*x + 4*w - 1 = -x, -t*x + 4*w = 0. Let z(h) = 3 - x - h**2 + 4*h - h. Determine z(3).
2
Let c(y) be the third derivative of -y**6/120 - 11*y**5/60 + y**4/24 + 11*y**3/6 + 17*y**2. Give c(-11).
0
Let u = 123 - 119. Let h(a) = 4*a - 10. Give h(u).
6
Let m(b) = -b - 5. Suppose -n - 2*o + o = -8, 5*n - 2*o = 12. Suppose j + 5 = 5*i, -4*j - n*i = -i - 3. Give m(j).
-5
Let r = 0 + 5. Let z(t) = -t**3 + 6*t**2 - 5*t. Determine z(r).
0
Let g(h) be the first derivative of -h**2/2 + 2*h + 15. Calculate g(-5).
7
Let x be 63/7 - 6/1. Let k(d) = -2*d**2 + 13*d - 11. Let c(s) = -s**2 + 6*s - 5. Let u(y) = 5*c(y) - 2*k(y). Determine u(x).
0
Let m(u) = u**3 - 8*u**2 + 6*u + 4. Let k(r) = -3*r**2 + 6*r + 2. Let t be k(3). Let o be (0 + t)/(-7 + 6). Give m(o).
-3
Let n(m) = m**2 + 6*m + 6. Let u be n(-4). Let o(h) = -12*h - 12. Let b(y) = -y - 1. Let v(p) = u*o(p) + 27*b(p). Give v(-3).
6
Let r(a) be the second derivative of -a**3 - a**2/2 + 24*a. Let b be (1 + -2)*1/1. Give r(b).
5
Let w(y) = 3*y - 2. Let p be w(-2). Let o be 11/2 + 4/p. Suppose r = -4*b - 0*r + 7, -5 = -5*b - o*r. Let a(k) = -k**2 - k + 1. Give a(b).
-5
Suppose -21 + 3 = -3*f. Let n(d) be the second derivative of -d**4/12 + d**3 - 3*d - 5. Determine n(f).
0
Let t(k) = 7*k + 6. Let d(q) = -q - 1. Let i(f) = 6*d(f) + t(f). Let s be (1 - 3) + 3 + -1. Determine i(s).
0
Let p(i) = i**3 - 2*i**2 - 2. Suppose 0 = 5*x - 3*x - 4. Suppose 2*z + x = 8. Determine p(z).
7
Let y be 1/(-5) + 11/5. Let o = 1 + y. Suppose 0*d = 3*d + o. Let l(t) = 5*t. Determine l(d).
-5
Suppose 0 = -5*x - 3 + 18. Let l(g) = 4*g**2 - x*g**2 + 2*g + g. What is l(-4)?
4
Let g(d) = 21*d - d**2 + 3*d**3 + 16*d - 60*d + 22*d. Determine g(2).
18
Suppose 0 = 4*g - o - 11, -2*g - 5*o - 9 = g. Suppose g = -p + 5. Let b(c) = -2*c**2 + 3*c + 4. Calculate b(p).
-5
Let x(v) = v**2 - 6*v + 2. Suppose a - 5*a + 24 = 0. What is x(a)?
2
Let z(q) = -7*q + 6*q + q**3 + 2*q - 6*q**2. Calculate z(5).
-20
Let x(g) = 2*g + 5. Let k(d) = -d - 3. Let t(o) = -8*k(o) - 5*x(o). Determine t(-1).
1
Let l(q) be the second derivative of -q**6/360 - q**5/20 - q**4/12 + q**3/3 - 2*q. Let t(n) be the second derivative of l(n). Give t(-5).
3
Let t = 4 - -2. Let p(u) = 2*u**2 - t + 5*u - u**3 + 0*u + u + 0*u**3. What is p(4)?
-14
Let c(q) = -4 - 3*q**3 - 3*q + q**3 + 6*q**2 + 0 + q**3. What is c(5)?
6
Let r(q) = 4 + q**2 - 3*q - 5*q + q. Suppose -3*t + 5*n - 8 = -t, 3*t - 5*n = -2. What is r(t)?
-2
Suppose -4*n = -3*n - 2. Let j(l) = l. Give j(n).
2
Let i(o) = 7*o + 1. Suppose a - 2*a + 1 = 0. What is i(a)?
8
Suppose -10 = -12*k + 7*k. Let r(q) = 3*q - k*q - 3*q. What is r(-2)?
4
Let a(f) = -f**3 + f**2 + f. Let s be 1/(-3) + (-4)/6. Determine a(s).
1
Let b(r) = -r**3 + r**2 - r - 2. Let q(j) = -3*j + 21. Let z be q(7). What is b(z)?
-2
Let x(b) be the third derivative of b**6/360 - b**5/24 + b**4/12 + 2*b**2. Let t(s) be the second derivative of x(s). What is t(4)?
3
Let j(f) = 3*f**2 - 14*f - 5. Let h(g) = -3*g**2 + 13*g + 4. Let y(k) = 5*h(k) + 4*j(k). Let a(m) = -m**2 + m - 1. Let x(n) = -2*a(n) + y(n). Give x(6).
8
Let c = -8 - -15. Let y = c + -12. Let l(a) be the third derivative of -a**6/120 - a**5/15 + 5*a**4/24 - a**3 + 5*a**2. What is l(y)?
-6
Let u(p) = -12*p - 19 - p + 4 - p**2. Give u(-11).
7
Let d be (-6 - (-3 - -5)) + 4. Let b(c) = 3*c + 5. Let g(o) = 7*o + 10. Let f(z) = -5*b(z) + 2*g(z). Give f(d).
-1
Let t(x) = -x + 2. Let k(r) = 6*r - 10. Let u(q) = 2*k(q) + 11*t(q). Let w be u(6). Let h(m) = m**2 - 8*m + 1. Let v be h(w). Let n(i) = -5*i. Determine n(v).
-5
Let i(g) = -g**2 + 9*g**3 + 4*g**2 + 3*g - 4 - 10*g**3. Calculate i(3).
5
Let a(s) be the first derivative of 3*s**2 - s - 1. Let j be 8/6 + 2/3. What is a(j)?
11
Let a(y) = -y + 1. Let s(z) = -z + 3. Suppose 3*w - 6 = 6*w, 8 = 3*n + 5*w. Let d be s(n). What is a(d)?
4
Let g be 39/91 - (-10)/(-7). Let t(h) = h. Determine t(g).
-1
Suppose 0 = 5*q - 5, 4 = -2*l + l + 5*q. Suppose -40 = -5*u + u. Let z(i) = -i - u + 11 - 5*i**3 + 3*i**3 + i**3. Calculate z(l).
-1
Let a(k) = 29*k**3 + 4*k**2 + 5*k - 7. Let h(n) = 43*n**3 + 6*n**2 + 8*n - 11. Let q(w) = -8*a(w) + 5*h(w). Calculate q(-1).
16
Let r(f) = -f**3 - 3*f**2 - 2*f + 3. Suppose 0 = -2*i + 2*w + 3*w + 36, -4*i = 2*w - 72. Let a be (-4)/i - (-75)/(-27). What is r(a)?
9
Let t(z) = -4*z**3. Let a = -18 + 4. Let s be 8/36 - a/18. What is t(s)?
-4
Suppose -3 = 3*m - 4*m. Let q(y) = 0 - m*y**2 - 1 + 6*y**2 - y**3 - 1 + y. What is q(3)?
1
Let b be 12*((-5)/3 - -2). Let y(m) = -m**3 + 2*m - 6*m - 2*m - b - 5*m**2. Calculate y(-4).
4
Suppose 4*n = 2*m - 34, -18 = -5*m + n + 40. Suppose -p = -j + 4 - 3, -5*p = 5*j + 25. Let g be m/6 + p/(-18). Let u(r) = -r**3 + 2*r**2 + r + 1. What is u(g)?
3
Let z be (4/(-6))/((-4)/30). Suppose -6 - 1 = 3*w - z*r, 5*r + 5 = 0. Let s(p) = -7*p - 5 - p**2 + 0 + 0. Give s(w).
7
Let a(i) = i**3 + 5*i**2 - i - 3. Let o = 14 - 6. Suppose -5*z + o - 33 = 0. Determine a(z).
2
Let l be -2 - (-2)/((-4)/(-6)). Let y be (-4)/(4/(-7)) - 0. Let x(p) = 1 - p + 0*p + y*p**3 + 2*p**2 + 3*p - 4*p. Determine x(l).
8
Let a(k) = -k + 1. Let s be a(-4). Suppose 0 = -s*n - 1 + 6. Let u(g) = -n + 3 - g + 0*g. Give u(-4).
6
Let p(n) = n + 7. Let m(f) = 6*f + 36. Let w(t) = -3*m(t) + 16*p(t). Let x(s) = 3*s - 9. Let u(k) = -5*w(k) - 3*x(k). Calculate u(-5).
2
Let a be -2 + (-64)/(-12) + -3. Let h(k) be the third derivative of 2*k**2 + 0*k + 0*k**4 + 0 - a*k**3 + 1/20*k**5. What is h(-2)?
10
Let w(h) be the second derivative of -h**5/20 - h**4/3 + h**3/3 - 3*h**2/2 - 4*h. Calculate w(-4).
-11
Suppose 0 = o + 2*f - 14, 3*o = -f - 3 + 20. Let i(h) = -2*h - 4 - 3 + 3*h + 4. Calculate i(o).
1
Suppose 22*t + 6 = 24*t. Let p(f) be the second derivative of -f**5/20 + f**4/6 + f**3/3 + f**2/2 - f. Determine p(t).
-2
Let b(s) = s**3 + 4*s**2 - 2*s - 1. Suppose 44 = 4*k - 4*i, 3*k + 0*k = -2*i + 8. Suppose -k*c - 4*z = -c + 28, -4*z = -3*c - 4. Determine b(c).
7
Suppose -3*i + 11 = 5*s - 6*i, -2*i - 2 = -2*s. Suppose -5*t + 4*w - 21 = 0, -s*t + 5 - 25 = -4*w. Let r(o) = 8*o + 1. Determine r(t).
-7
Let c(v) be the first derivative of -v**4/4 + v**2/2 + 1. Let d be c(1). Let n be (d/(-2))/(5 + -3). Let u(i) = i + 5. Give u(n).
5
Let s = 1 + 1. Let b be 3/s - 3/(-2). Let q(c) = -b*c - c + 3 + 2*c. Calculate q(3).
-3
Let u(d) = -d + 6. Let r be u(7). Let q(t) = -10*t**2 + t - 5. Let c(v) = 21*v**2 - 2*v + 11. Let o(m) = 6*c(m) + 13*q